[INFO] fetching crate mitosis 0.1.0...
[INFO] checking mitosis-0.1.0 against master#af3c6e733a40e671550e0f0f5aeecaa13772ba56 for pr-74989
[INFO] extracting crate mitosis 0.1.0 into /workspace/builds/worker-8/source
[INFO] validating manifest of crates.io crate mitosis 0.1.0 on toolchain af3c6e733a40e671550e0f0f5aeecaa13772ba56
[INFO] running `Command { std: "/workspace/cargo-home/bin/cargo" "+af3c6e733a40e671550e0f0f5aeecaa13772ba56" "read-manifest" "--manifest-path" "Cargo.toml", kill_on_drop: false }`
[INFO] started tweaking crates.io crate mitosis 0.1.0
[INFO] finished tweaking crates.io crate mitosis 0.1.0
[INFO] tweaked toml for crates.io crate mitosis 0.1.0 written to /workspace/builds/worker-8/source/Cargo.toml
[INFO] crate crates.io crate mitosis 0.1.0 already has a lockfile, it will not be regenerated
[INFO] running `Command { std: "/workspace/cargo-home/bin/cargo" "+af3c6e733a40e671550e0f0f5aeecaa13772ba56" "fetch" "--locked" "--manifest-path" "Cargo.toml", kill_on_drop: false }`
[INFO] [stderr]     Blocking waiting for file lock on package cache
[INFO] running `Command { std: "docker" "create" "-v" "/var/lib/crater-agent-workspace/builds/worker-8/target:/opt/rustwide/target:rw,Z" "-v" "/var/lib/crater-agent-workspace/builds/worker-8/source:/opt/rustwide/workdir:ro,Z" "-v" "/var/lib/crater-agent-workspace/cargo-home:/opt/rustwide/cargo-home:ro,Z" "-v" "/var/lib/crater-agent-workspace/rustup-home:/opt/rustwide/rustup-home:ro,Z" "-e" "SOURCE_DIR=/opt/rustwide/workdir" "-e" "CARGO_TARGET_DIR=/opt/rustwide/target" "-e" "CARGO_HOME=/opt/rustwide/cargo-home" "-e" "RUSTUP_HOME=/opt/rustwide/rustup-home" "-w" "/opt/rustwide/workdir" "-m" "1610612736" "--user" "0:0" "--network" "none" "rustops/crates-build-env@sha256:d92eaeed33fa75130ca1ee6c8a01d1ffb62bac859dfdfb3450e3e5d1c0146529" "/opt/rustwide/cargo-home/bin/cargo" "+af3c6e733a40e671550e0f0f5aeecaa13772ba56" "metadata" "--no-deps" "--format-version=1", kill_on_drop: false }`
[INFO] [stdout] f909db3f5881d82e53bbc98dbd758a45af68524b5666009669925fbf20da2444
[INFO] [stderr] WARNING: Your kernel does not support swap limit capabilities or the cgroup is not mounted. Memory limited without swap.
[INFO] running `Command { std: "docker" "start" "-a" "f909db3f5881d82e53bbc98dbd758a45af68524b5666009669925fbf20da2444", kill_on_drop: false }`
[INFO] running `Command { std: "docker" "inspect" "f909db3f5881d82e53bbc98dbd758a45af68524b5666009669925fbf20da2444", kill_on_drop: false }`
[INFO] running `Command { std: "docker" "rm" "-f" "f909db3f5881d82e53bbc98dbd758a45af68524b5666009669925fbf20da2444", kill_on_drop: false }`
[INFO] [stdout] f909db3f5881d82e53bbc98dbd758a45af68524b5666009669925fbf20da2444
[INFO] running `Command { std: "docker" "create" "-v" "/var/lib/crater-agent-workspace/builds/worker-8/target:/opt/rustwide/target:rw,Z" "-v" "/var/lib/crater-agent-workspace/builds/worker-8/source:/opt/rustwide/workdir:ro,Z" "-v" "/var/lib/crater-agent-workspace/cargo-home:/opt/rustwide/cargo-home:ro,Z" "-v" "/var/lib/crater-agent-workspace/rustup-home:/opt/rustwide/rustup-home:ro,Z" "-e" "SOURCE_DIR=/opt/rustwide/workdir" "-e" "CARGO_TARGET_DIR=/opt/rustwide/target" "-e" "CARGO_INCREMENTAL=0" "-e" "RUST_BACKTRACE=full" "-e" "RUSTFLAGS=--cap-lints=forbid" "-e" "CARGO_HOME=/opt/rustwide/cargo-home" "-e" "RUSTUP_HOME=/opt/rustwide/rustup-home" "-w" "/opt/rustwide/workdir" "-m" "1610612736" "--user" "0:0" "--network" "none" "rustops/crates-build-env@sha256:d92eaeed33fa75130ca1ee6c8a01d1ffb62bac859dfdfb3450e3e5d1c0146529" "/opt/rustwide/cargo-home/bin/cargo" "+af3c6e733a40e671550e0f0f5aeecaa13772ba56" "check" "--frozen" "--all" "--all-targets" "--message-format=json", kill_on_drop: false }`
[INFO] [stdout] 85aab8aa72a4f5824a9355952a81afc7b279df989144316c47932e26ffe22bcf
[INFO] [stderr] WARNING: Your kernel does not support swap limit capabilities or the cgroup is not mounted. Memory limited without swap.
[INFO] running `Command { std: "docker" "start" "-a" "85aab8aa72a4f5824a9355952a81afc7b279df989144316c47932e26ffe22bcf", kill_on_drop: false }`
[INFO] [stderr]     Checking cfg-if v0.1.10
[INFO] [stderr]    Compiling unicode-xid v0.2.0
[INFO] [stderr]    Compiling syn v1.0.11
[INFO] [stderr]    Compiling byteorder v1.3.2
[INFO] [stderr]    Compiling serde v1.0.104
[INFO] [stderr]    Compiling log v0.4.8
[INFO] [stderr]     Checking lazy_static v1.4.0
[INFO] [stderr]     Checking slab v0.4.2
[INFO] [stderr]     Checking remove_dir_all v0.5.2
[INFO] [stderr]     Checking fnv v1.0.6
[INFO] [stderr]     Checking getrandom v0.1.13
[INFO] [stderr]     Checking net2 v0.2.33
[INFO] [stderr]    Compiling proc-macro2 v1.0.6
[INFO] [stderr]     Checking crossbeam-utils v0.6.6
[INFO] [stderr]     Checking rand_core v0.5.1
[INFO] [stderr]     Checking rand_chacha v0.2.1
[INFO] [stderr]     Checking mio v0.6.21
[INFO] [stderr]     Checking crossbeam-channel v0.3.9
[INFO] [stderr]     Checking rand v0.7.2
[INFO] [stderr]    Compiling quote v1.0.2
[INFO] [stderr]     Checking tempfile v3.1.0
[INFO] [stderr]     Checking uuid v0.8.1
[INFO] [stderr]    Compiling serde_derive v1.0.104
[INFO] [stderr]     Checking bincode v1.2.1
[INFO] [stderr]     Checking ipc-channel v0.12.2
[INFO] [stderr]     Checking mitosis v0.1.0 (/opt/rustwide/workdir)
[INFO] [stdout] error[E0277]: the trait bound `OpaqueIpcReceiver: Serialize` is not satisfied
[INFO] [stdout]   --> src/lib.rs:51:5
[INFO] [stdout]    |
[INFO] [stdout] 51 |     args_receiver: OpaqueIpcReceiver,
[INFO] [stdout]    |     ^^^^^^^^^^^^^^^^^^^^^^^^^^^^^^^^ the trait `Serialize` is not implemented for `OpaqueIpcReceiver`
[INFO] [stdout]    |
[INFO] [stdout]    = note: required by `_IMPL_DESERIALIZE_FOR_BootstrapData::_serde::ser::SerializeStruct::serialize_field`
[INFO] [stdout] 
[INFO] [stdout] 
[INFO] [stdout] error[E0277]: the trait bound `OpaqueIpcReceiver: Deserialize<'_>` is not satisfied
[INFO] [stdout]   --> src/lib.rs:51:5
[INFO] [stdout]    |
[INFO] [stdout] 51 |     args_receiver: OpaqueIpcReceiver,
[INFO] [stdout]    |     ^^^^^^^^^^^^^^^^^^^^^^^^^^^^^^^^ the trait `Deserialize<'_>` is not implemented for `OpaqueIpcReceiver`
[INFO] [stdout]    |
[INFO] [stdout]    = note: required by `next_element`
[INFO] [stdout] 
[INFO] [stdout] 
[INFO] [stdout] error[E0277]: the trait bound `OpaqueIpcReceiver: Serialize` is not satisfied
[INFO] [stdout]   --> src/lib.rs:51:5
[INFO] [stdout]    |
[INFO] [stdout] 51 |     args_receiver: OpaqueIpcReceiver,
[INFO] [stdout]    |     ^^^^^^^^^^^^^^^^^^^^^^^^^^^^^^^^ the trait `Serialize` is not implemented for `OpaqueIpcReceiver`
[INFO] [stdout]    |
[INFO] [stdout]    = note: required by `_IMPL_DESERIALIZE_FOR_BootstrapData::_serde::ser::SerializeStruct::serialize_field`
[INFO] [stdout] 
[INFO] [stdout] 
[INFO] [stdout] error[E0277]: the trait bound `OpaqueIpcReceiver: Deserialize<'_>` is not satisfied
[INFO] [stdout]   --> src/lib.rs:51:5
[INFO] [stdout]    |
[INFO] [stdout] 51 |     args_receiver: OpaqueIpcReceiver,
[INFO] [stdout]    |     ^^^^^^^^^^^^^^^^^^^^^^^^^^^^^^^^ the trait `Deserialize<'_>` is not implemented for `OpaqueIpcReceiver`
[INFO] [stdout]    |
[INFO] [stdout]    = note: required by `next_element`
[INFO] [stdout] 
[INFO] [stdout] 
[INFO] [stdout] error[E0277]: the trait bound `OpaqueIpcReceiver: Deserialize<'_>` is not satisfied
[INFO] [stdout]   --> src/lib.rs:51:5
[INFO] [stdout]    |
[INFO] [stdout] 51 |     args_receiver: OpaqueIpcReceiver,
[INFO] [stdout]    |     ^^^^^^^^^^^^^^^^^^^^^^^^^^^^^^^^ the trait `Deserialize<'_>` is not implemented for `OpaqueIpcReceiver`
[INFO] [stdout]    |
[INFO] [stdout]    = note: required by `next_value`
[INFO] [stdout] 
[INFO] [stdout] 
[INFO] [stdout] error[E0277]: the trait bound `OpaqueIpcReceiver: Deserialize<'_>` is not satisfied
[INFO] [stdout]   --> src/lib.rs:51:5
[INFO] [stdout]    |
[INFO] [stdout] 51 |     args_receiver: OpaqueIpcReceiver,
[INFO] [stdout]    |     ^^^^^^^^^^^^^^^^^^^^^^^^^^^^^^^^ the trait `Deserialize<'_>` is not implemented for `OpaqueIpcReceiver`
[INFO] [stdout]    |
[INFO] [stdout]    = note: required by `next_value`
[INFO] [stdout] 
[INFO] [stdout] 
[INFO] [stdout] error[E0599]: no method named `to` found for struct `OpaqueIpcReceiver` in the current scope
[INFO] [stdout]    --> src/lib.rs:139:21
[INFO] [stdout]     |
[INFO] [stdout] 139 |     let args = recv.to().recv().unwrap();
[INFO] [stdout]     |                     ^^ method not found in `OpaqueIpcReceiver`
[INFO] [stdout] 
[INFO] [stdout] 
[INFO] [stdout] error: aborting due to 4 previous errors
[INFO] [stdout] 
[INFO] [stdout] 
[INFO] [stdout] error[E0599]: no method named `to` found for struct `OpaqueIpcReceiver` in the current scope
[INFO] [stdout]    --> src/lib.rs:139:21
[INFO] [stdout]     |
[INFO] [stdout] 139 |     let args = recv.to().recv().unwrap();
[INFO] [stdout]     |                     ^^ method not found in `OpaqueIpcReceiver`
[INFO] [stdout] 
[INFO] [stdout] 
[INFO] [stdout] error: aborting due to 4 previous errors
[INFO] [stdout] 
[INFO] [stdout] 
[INFO] [stdout] Some errors have detailed explanations: E0277, E0599.
[INFO] [stdout] 
[INFO] [stdout] For more information about an error, try `rustc --explain E0277`.
[INFO] [stdout] 
[INFO] [stdout] Some errors have detailed explanations: E0277, E0599.
[INFO] [stdout] 
[INFO] [stdout] For more information about an error, try `rustc --explain E0277`.
[INFO] [stdout] 
[INFO] [stderr] error: could not compile `mitosis`.
[INFO] [stderr] 
[INFO] [stderr] To learn more, run the command again with --verbose.
[INFO] [stderr] warning: build failed, waiting for other jobs to finish...
[INFO] [stderr] error: build failed
[INFO] running `Command { std: "docker" "inspect" "85aab8aa72a4f5824a9355952a81afc7b279df989144316c47932e26ffe22bcf", kill_on_drop: false }`
[INFO] running `Command { std: "docker" "rm" "-f" "85aab8aa72a4f5824a9355952a81afc7b279df989144316c47932e26ffe22bcf", kill_on_drop: false }`
[INFO] [stdout] 85aab8aa72a4f5824a9355952a81afc7b279df989144316c47932e26ffe22bcf
